r?
14
Suppose -a = -2*t - 133, 11*t = -3*a + 7*t + 449. Calculate the highest common factor of 13 and a.
13
Let f = 21 - 57. Let r = f - -47. Suppose y = -1 + 89. Calculate the greatest common factor of r and y.
11
Let b = 36 + -31. Let o = 92 + -52. What is the greatest common factor of b and o?
5
Suppose -4*m = -3*y + 12, -m - 4*y = -6*m - 15. Let l(w) = 48*w - 3. Let j be l(2). Let i = j + m. Calculate the greatest common factor of i and 18.
18
Suppose -4*s = 2*d + 518, 0 = -3*s - 0*d + 4*d - 372. Let b = -79 - s. What is the highest common factor of 7 and b?
7
Let y be ((-2)/4)/((-2)/12). Suppose y*i - 93 = 63. Calculate the highest common factor of 13 and i.
13
Let s(a) = a**2 + 7*a + 9. Let d be s(-6). Suppose d*h + 5*f - 14 = 34, 0 = 5*h - 5*f - 80. What is the greatest common divisor of h and 40?
8
Let v(x) = -x - 3. Let q be v(-6). Suppose -495 = -4*j - 2*z + 255, q*z = -2*j + 369. Calculate the highest common divisor of j and 21.
21
Let t(l) = 12*l**2 - l + 1. Let y be t(1). Let b(z) = 52*z. Let o be b(3). Let s = o - 96. Calculate the highest common factor of s and y.
12
Let g be (-76)/3*(-6)/4. Suppose 3*l = 5*q - 279, 55 = 3*q - 2*q - l. What is the greatest common factor of g and q?
19
Suppose -4*v - 9*v = -247. What is the highest common divisor of v and 19?
19
Suppose 3*h = 4*y + 73, y - 38 = -3*h + 15. Let c be (h/2)/((-21)/(-462)). Calculate the highest common factor of 19 and c.
19
Let s = -214 - -423. What is the greatest common factor of s and 33?
11
Let z(j) = j**3 + 7*j**2 - 3*j - 10. Let u be z(-4). Suppose -i - 15 = -2*i - n, -35 = -3*i - n. Calculate the highest common factor of u and i.
10
Let l(o) = -2*o**2 + 17*o - 5. Let b be l(8). Suppose -v + 4*v - 48 = -b*y, 2*v - 37 = -3*y. Let u = 180 - 103. What is the greatest common divisor of v and u?
11
Let f be -1 + 28 - 2/2. Let c = 37 - f. Suppose -m = 3*q - c, -4*m - q + 10 = -23. Calculate the greatest common divisor of 1 and m.
1
Suppose -3 = p + 11. Let l(i) = -i**3 + 7*i**2 - 9*i + 12. Let h be l(5). Let y = p + h. What is the greatest common divisor of 3 and y?
3
Let i(b) = b**3 + 8*b**2 + 2*b - 15. Let k be i(-6). Suppose -3*f = -0*f - 15. What is the highest common divisor of k and f?
5
Let d be (28/(-3))/((-27)/162). What is the greatest common factor of d and 32?
8
Let w be ((-21)/2)/((-5)/60). What is the greatest common divisor of 36 and w?
18
Suppose -6*t - 1476 = -47*t. What is the highest common factor of t and 16?
4
Suppose 5*h = -3*i + 575, 2*i - 351 = -3*h - i. Suppose 0 = -3*z - 5*z + h. What is the greatest common factor of z and 112?
14
Suppose q - 3*q + 30 = 0. Suppose -7*r = -2*r + q, -5*j = -5*r - 75. Calculate the greatest common divisor of 3 and j.
3
Let y = 14 + 0. Suppose 15 = -9*u + y*u. What is the greatest common divisor of 6 and u?
3
Let z = 6 + -3. Suppose -z*y = l + 2*l - 15, 3*y + 41 = 5*l. Calculate the greatest common divisor of 63 and l.
7
Suppose 21*c = 9*c + 204. Calculate the greatest common divisor of c and 238.
17
Let n(v) = -6*v - 2. Let a be 18/10 - 11/(-55). Suppose -a*o = -3 + 7. Let b be n(o). Calculate the highest common factor of b and 70.
10
Let h be 3/6 + 1*218/4. What is the greatest common divisor of 44 and h?
11
Let p be 728/13 - (-5)/(-1). Calculate the greatest common divisor of 51 and p.
51
Let o(x) = x**3 - 10*x**2 + 10*x - 7. Let w be o(9). Suppose 4*p = w*p + 40. Let l = -8 + 48. What is the highest common divisor of p and l?
20
Let j = 124 - 115. What is the highest common divisor of j and 63?
9
Let z = 5 - 0. Let m be (-5)/(z/(-4)) + 0. Suppose 351 + 129 = m*d. Calculate the highest common factor of 24 and d.
24
Let y(k) be the third derivative of -k**5/60 - 31*k**4/24 - 10*k**3/3 + 6*k**2. Let w be y(-21). Calculate the greatest common factor of w and 19.
19
Let u = 246 + -219. What is the highest common divisor of u and 432?
27
Let n = -125 + 66. Let m = -47 - n. Calculate the highest common divisor of m and 8.
4
Suppose -6*h + 578 = -196. Let q be 7/14*(1 + h). Calculate the highest common divisor of q and 26.
13
Suppose -4*t + 3*a = -3*t - 11, 4*t = 5*a + 30. Let u be (-4)/(-1 + t) + -15. Let k = u - -28. What is the greatest common divisor of 3 and k?
3
Suppose 11*t = t + 300. What is the greatest common divisor of 750 and t?
30
Suppose 9 + 3 = 3*k. Suppose -3*t = 7*s - 4*s, 0 = 3*t - 4*s - 7. What is the highest common factor of k and t?
1
Suppose -j - 4 = -4*f - f, 0 = 5*j + 20. Suppose -5*z - 68 + 19 = o, -2*o - z - 107 = f. Let p = o - -86. What is the highest common divisor of 16 and p?
16
Suppose -5*l - 2*y = -154, 4*l - 124 = 38*y - 40*y. Calculate the highest common factor of l and 225.
15
Suppose -5*n = h - 10, -3*n + 16 = 3*h - 62. Let y = -44 - -67. Suppose 727 = 5*k - y. Calculate the greatest common factor of k and h.
30
Let z = 1609 - 1015. Let s be -17 + (17 - 3) - -19*3. What is the greatest common factor of z and s?
54
Let w(s) be the first derivative of s**3/3 + 9*s**2/2 + 13*s + 22. Let m be w(-9). What is the highest common factor of 13 and m?
13
Let v(g) = g - 9. Let d be v(0). Let y = -2 - d. Let w = 3790 - 3755. What is the greatest common divisor of y and w?
7
Let i = 220 + -132. Let k be ((-22)/4)/((-4)/((-144)/(-2))). Suppose 2*n - k = -7*n. What is the highest common factor of n and i?
11
Let o = -401 - -577. Let i(a) = a**2 - 3*a + 8. Let r be i(10). Let x = r - 56. What is the highest common factor of x and o?
22
Suppose 0 = -4*g + 4, -l + 3*l - g = 21. Let n be l - -3 - (-4)/(-2). What is the highest common divisor of 84 and n?
12
Suppose -8 + 23 = w. Suppose y - 3*j = 17, -4*j = -1 - w. Calculate the highest common factor of 145 and y.
29
Suppose 0 = 4*z, -2*z + 43 + 22 = 5*b. Let y(j) = -7*j**2 - 128*j + 16. Let r be y(-18). What is the highest common factor of b and r?
13
Let a be (-8)/((3 + -1)/(-2)). Let u = 185 + -105. Calculate the greatest common factor of a and u.
8
Let d(f) = f**2 - 9*f. Let j be d(14). Suppose -4*r = -3*r. Suppose 0 = -2*i - r*i + 28. What is the highest common factor of i and j?
14
Let i be -5*30*(-6 - (-9 - -4)). Calculate the highest common divisor of i and 120.
30
Let g be 2*-3 + -4*(-5 + -5). Let x(b) = b**2 - b + 17. Let i be x(0). Calculate the greatest common divisor of i and g.
17
Suppose 15*o + 2*d + 64 = 16*o, 3*o = -d + 213. Calculate the highest common factor of 10 and o.
10
Let g(t) = t**3 + 3*t**2 - 3*t + 5. Let u be g(2). Suppose -c + 5 = -23. Suppose -h + c + 10 = 0. What is the highest common divisor of h and u?
19
Let r = 17 - 13. Let u be -30*(5*r/30)/(-2). Calculate the highest common divisor of u and 50.
10
Let o = -110 + 345. What is the greatest common factor of 94 and o?
47
Let u be (-4)/(-26) + 2570/26. Suppose -5*x + 157 = 2*k, -k + 2*k = -5*x + 91. What is the highest common factor of k and u?
33
Let g be (2 - -140)/(6 + -4). What is the highest common divisor of 639 and g?
71
Suppose -l - 15*u = -11*u - 540, 4*u + 2060 = 4*l. What is the highest common divisor of 65 and l?
65
Let m be (329/235)/((-3)/(-30)). Let j be 528/15 - (-2)/(-10). What is the highest common factor of j and m?
7
Suppose 0 = 2*t + 3*b - 29 - 17, 3*b = 4*t - 92. What is the highest common divisor of t and 115?
23
Let v be 15*((-56)/(-12) + -4). Let a = 156 + -66. Calculate the greatest common divisor of v and a.
10
Let j(u) = 3. Let x(r) = r + 0*r - 2*r - 2 + 8. Let f(q) = 5*j(q) - 2*x(q). Let t be f(3). What is the highest common divisor of t and 6?
3
Suppose 0 = x + 2*x - 3*k + 54, 5*k - 76 = 4*x. Let f be (16 - 22/3)/(2/(-3)). Let a = f - x. What is the highest common factor of 5 and a?
1
Suppose 4 = f + k, 2*f + 12 = 5*f - 3*k. Suppose f*x - 5 - 3 = 0. Suppose 4*r - x*r = 418. What is the highest common divisor of r and 19?
19
Suppose 0 = -2*f - 2*f. Suppose o = -2*v - f*o - 41, -4*v = 3*o + 87. Let s = 35 + v. Calculate the highest common divisor of 17 and s.
17
Let q be ((-840)/(-63))/((-2)/(-18)). Let j = -34 + 74. What is the greatest common divisor of q and j?
40
Suppose 4*k = -2*m + 157 + 85, 4*k - m = 239. What is the highest common divisor of 156 and k?
12
Suppose -207 = -2*p + 5*w - 0*w, 0 = -5*w - 25. Calculate the highest common divisor of 49 and p.
7
Let h be (-477 + 1)*9/(-18) + 2. What is the highest common factor of 15 an